4) to base 13.
6271
Convert -1945 (base 12) to base 6.
-22125
5400 (base 6) to base 3
1200100
What is 1827 (base 11) in base 12?
1420
-111001101101 (base 2) to base 10
-3693
628 (base 11) to base 13
462
What is 607 (base 16) in base 10?
1543
Convert -1c (base 13) to base 4.
-121
What is -2a2 (base 15) in base 2?
-1001011010
Convert 101101 (base 3) to base 6.
1144
What is 11487 (base 9) in base 11?
5864
What is 12174 (base 9) in base 8?
17747
Convert -546 (base 12) to base 8.
-1406
Convert 498 (base 10) to base 4.
13302
Convert -2203 (base 13) to base 10.
-4735
a47 (base 11) to base 14
661
What is 11001010111 (base 2) in base 4?
121113
Convert -10b7 (base 12) to base 16.
-74b
-28 (base 11) to base 9
-33
What is 10c (base 13) in base 7?
346
Convert -850 (base 9) to base 16.
-2b5
-ad (base 15) to base 12
-117
221301 (base 5) to base 8
17025
What is 4bd8 (base 15) in base 14?
5c78
Convert 12023030 (base 4) to base 11.
18003
What is -23033 (base 6) in base 5?
-101021
1020011212 (base 3) to base 11
1719a
-430 (base 11) to base 5
-4032
Convert -5005 (base 6) to base 3.
-1111012
What is -1ab5 (base 13) in base 3?
-12112110
What is -13580 (base 9) in base 4?
-2100021
What is -3557 (base 10) in base 5?
-103212
-3841 (base 9) to base 3
-10221101
-2564 (base 15) to base 7
-32143
-1022002 (base 5) to base 3
-212111100
Convert -2598 (base 11) to base 14.
-1330
-24665 (base 10) to base 15
-7495
-45 (base 9) to base 15
-2b
-100001111010 (base 2) to base 4
-201322
Convert 443 (base 16) to base 3.
1111102
Convert -332230 (base 4) to base 2.
-111110101100
24324 (base 9) to base 3
211100211
Convert -11033203 (base 4) to base 6.
-243231
1000101000101 (base 2) to base 15
149b
-10331 (base 4) to base 7
-632
-61b (base 12) to base 2
-1101110111
Convert -4033 (base 5) to base 6.
-2222
Convert -3385 (base 13) to base 5.
-212312
-184c1 (base 13) to base 3
-2101102122
-17e (base 15) to base 3
-110202
-1464 (base 8) to base 12
-584
-52226 (base 8) to base 5
-1143104
What is -390 (base 16) in base 14?
-492
Convert -10220130 (base 4) to base 13.
-8835
Convert -12030 (base 9) to base 15.
-25b6
What is 3070 (base 10) in base 4?
233332
Convert -41011 (base 6) to base 15.
-1907
-533 (base 7) to base 10
-269
2001 (base 6) to base 2
110110001
Convert -3032 (base 4) to base 6.
-542
-1421 (base 10) to base 5
-21141
What is -5155 (base 11) in base 16?
-1ab4
Convert 1ac2 (base 15) to base 6.
42515
What is 38381 (base 9) in base 11?
18453
-53 (base 11) to base 8
-72
What is -54b (base 15) in base 7?
-3326
What is -12c (base 13) in base 14?
-10b
What is 433 (base 5) in base 7?
226
Convert -110010100100101 (base 2) to base 15.
-7a13
What is 39962 (base 10) in base 14?
107c6
-5411a (base 11) to base 4
-103031033
Convert -144 (base 14) to base 11.
-213
What is 118 (base 15) in base 3?
100012
Convert -1183 (base 9) to base 14.
-473
10523 (base 8) to base 6
32311
Convert 23 (base 10) to base 9.
25
Convert 323 (base 4) to base 15.
3e
-1363 (base 9) to base 11
-856
-2243 (base 5) to base 7
-641
-101000101 (base 2) to base 8
-505
Convert 4013 (base 6) to base 4.
31221
What is -561 (base 8) in base 12?
-269
What is 1761 (base 12) in base 6?
21001
What is 573 (base 14) in base 16?
439
What is -1213 (base 4) in base 13?
-7c
6c4 (base 16) to base 9
2334
What is 240123 (base 5) in base 6?
104404
Convert -5308 (base 12) to base 13.
-4196
-1010222 (base 3) to base 16
-344
Convert -286 (base 10) to base 2.
-100011110
What is 11030210 (base 4) in base 10?
21284
Convert 12b4 (base 14) to base 8.
6336
4132 (base 5) to base 9
662
Convert -9612 (base 10) to base 7.
-40011
10003 (base 6) to base 2
10100010011
Convert 10010100 (base 2) to base 13.
b5
What is 1782 (base 9) in base 7?
3665
What is 133104 (base 5) in base 10?
5404
11734 (base 10) to base 11
88a8
What is -1111110001011001 (base 2) in base 14?
-19785
Convert 311 (base 8) to base 3.
21110
Convert -43333 (base 5) to base 2.
-101110011000
What is 33b5 (base 14) in base 3?
110022120
Convert -4133 (base 9) to base 2.
-101111010011
What is 30134 (base 5) in base 14?
9b1
-11010100011100 (base 2) to base 7
-54432
What is 3000301 (base 4) in base 12?
7181
Convert -503 (base 13) to base 11.
-701
Convert -16341 (base 8) to base 4.
-1303201
What is 16601 (base 7) in base 2?
1001010010010
What is 1020200 (base 3) in base 15?
409
-1ce5 (base 16) to base 5
-214042
What is -135c (base 16) in base 6?
-34540
What is -43761 (base 8) in base 16?
-47f1
What is -56455 (base 9) in base 5?
-2200203
What is -1001100111 (base 2) in base 6?
-2503
Convert 10221 (base 5) to base 10.
686
Convert 7d7a (base 15) to base 4.
12200221
Convert 5055 (base 6) to base 13.
67a
What is -232 (base 7) in base 8?
-171
Convert 223a2 (base 11) to base 3.
1122110201
What is -44a (base 14) in base 4?
-31102
Convert 5e73 (base 15) to base 3.
1000121200
What is a866 (base 11) in base 6?
150234
What is 214 (base 13) in base 2?
101100011
Convert 10101010111 (base 2) to base 3.
1212122
What is -2998 (base 10) in base 6?
-21514
Convert 10220010 (base 3) to base 13.
13a4
Convert 1143215 (base 6) to base 10.
60347
Convert -23 (base 9) to base 11.
-1a
Convert 4302 (base 5) to base 15.
287
Convert -1447 (base 11) to base 12.
-10b6
-2124 (base 7) to base 12
-529
Convert -3ad (base 16) to base 11.
-786
Convert 443304 (base 5) to base 2.
11110001011110
-110212 (base 3) to base 7
-1004
228 (base 12) to base 4
11000
1011211120 (base 3) to base 6
255240
Convert 256423 (base 7) to base 9.
72621
Convert 267 (base 10) to base 6.
1123
What is -1a325 (base 13) in base 9?
-77043
-1370 (base 10) to base 15
-615
Convert -640 (base 15) to base 11.
-1072
What is -21230 (base 5) in base 4?
-112200
Convert -1187 (base 12) to base 10.
-1975
Convert 100000000011 (base 2) to base 12.
122b
What is 127 (base 15) in base 6?
1114
Convert 11154 (base 8) to base 14.
1a0c
What is 489 (base 10) in base 16?
1e9
What is -b73 (base 14) in base 15?
-a07
301212 (base 4) to base 8
6146
Convert -1831 (base 9) to base 2.
-10101111101
122101 (base 3) to base 13
2a1
Convert 2120210 (base 3) to base 9.
2523
-1330 (base 4) to base 16
-7c
What is 2b86 (base 16) in base 12?
6546
-10311300 (base 4) to base 14
-7320
46393 (base 10) to base 15
db2d
What is -1185 (base 11) in base 13?
-91b
-2501 (base 11) to base 14
-1296
-3aa5 (base 12) to base 4
-1221131
Convert 5883 (base 11) to base 14.
2b50
-12201033 (base 4) to base 15
-7da3
746 (base 9) to base 4
21201
What is 110110101111 (base 2) in base 13?
1796
Convert -11747 (base 12) to base 4.
-11233213
What is -13220 (base 4) in base 9?
-602
Convert 1242 (base 13) to base 4.
220131
Convert -312212 (base 4) to base 11.
-2697
Convert 63046 (base 7) to base 3.
210012221
Convert 1855 (base 10) to base 8.
3477
-787 (base 15) to base 14
-898
What is -8 (base 9) in base 15?
-8
-15230 (base 7) to base 9
-5725
What is -76a6 (base 12) in base 15?
-3d26
Convert -b18 (base 13) to base 15.
-855
-41635 (base 10) to base 8
-121243
806 (base 15) to base 2
11100001110
Convert 88e9 (base 15) to base 14.
a80b
Convert 312123 (base 6) to base 15.
768c
35 (base 10) to base 16
23
4ab8 (base 16) to base 3
222020110
Convert -200011 (base 3) to base 5.
-3430
What is 1008b (base 13) in base 3?
1110100002
Convert -97 (base 15) to base 13.
-ac
-2659 (base 16) to base 11
-7415
What is 713 (base 8) in base 3?
122000
4397 (base 15) to base 10
14317
Convert -7426 (base 11) to base 5.
-303304
Convert -23b (base 13) to base 16.
-184
365 (base 10) to base 6
1405
112000 (base 6) to base 12
5600
-1a85 (base 12) to base 10
-3269
Convert 42364 (base 8) to base 13.
805b
Convert -318 (base 10) to base 14.
-18a
55336 (base 10) to base 6
1104104
What is -4b2 (base 15) in base 16?
-42b
3140 (base 5) to base 6
1540
-102300 (base 4) to base 3
-1122110
561 (base 13) to base 8
1634
What is 1522 (base 6) in base 9?
505
Convert -302 (base 11) to base 3.
-111112
2329c (base 13) to base 15
1403a
What is 2202000220 (base 3) in base 12?
27296
Convert -1b2b (base 13) to base 15.
-132d
20132 (base 4) to base 8
1036
What is -17 (base 13) in base 2?
-10100
What is -630 (base 8) in base 3?
-120010
What is 583 (base 10) in base 13?
35b
What is -b344 (base 12) in base 15?
-5b97
2135 (base 12) to base 5
104031
What is 660 (base 7) in base 2?
101010000
Conver